{"id":17,"date":"2020-08-02T23:35:18","date_gmt":"2020-08-02T23:35:18","guid":{"rendered":"http:\/\/filaret.ec\/?page_id=17"},"modified":"2022-02-18T17:27:52","modified_gmt":"2022-02-18T17:27:52","slug":"nosotros","status":"publish","type":"page","link":"https:\/\/filaret.ec\/index.php\/nosotros\/","title":{"rendered":"Nosotros"},"content":{"rendered":"<p><img loading=\"lazy\" decoding=\"async\" class=\"aligncenter wp-image-268 size-full\" src=\"http:\/\/filaret.ec\/wp-content\/uploads\/2020\/08\/formato-e1596808839291.jpg\" alt=\"\" width=\"1297\" height=\"706\" srcset=\"https:\/\/filaret.ec\/wp-content\/uploads\/2020\/08\/formato-e1596808839291.jpg 1297w, https:\/\/filaret.ec\/wp-content\/uploads\/2020\/08\/formato-e1596808839291-300x163.jpg 300w, https:\/\/filaret.ec\/wp-content\/uploads\/2020\/08\/formato-e1596808839291-1024x557.jpg 1024w, https:\/\/filaret.ec\/wp-content\/uploads\/2020\/08\/formato-e1596808839291-768x418.jpg 768w\" sizes=\"auto, (max-width: 1297px) 100vw, 1297px\" \/><\/p>\n<p style=\"text-align: justify;\">FILARET una empresa ecuatoriana fundada en 1990, que inicia sus operaciones en 1992, creada para la provisi\u00f3n de tambores met\u00e1licos de 55 y 60 galones destinados principalmente a la agroindustria, as\u00ed como aceites y lubricantes, productos qu\u00edmicos, entre otros.<\/p>\n<p style=\"text-align: justify;\">En 1995 desarrollamos el primer tambor c\u00f3nico en el Ecuador y en Sudam\u00e9rica, somos la \u00fanica empresa que fabrica este tipo de tambores; en las dos presentaciones de 55 Gal\/220 Lts. y 60 Gal\/ 227 Lts.<\/p>\n<p style=\"text-align: justify;\">Desde del a\u00f1o 2005 somos los <strong>\u00fanicos en el pa\u00eds<\/strong> que ofrecemos a nuestros clientes el <strong>tambor cil\u00edndrico expandido<\/strong>, gracias a este nuevo proceso el mismo resiste de mejor manera el apilamiento y los golpes, producto de la manipulaci\u00f3n.<\/p>\n<p style=\"text-align: justify;\">Actualmente somos los l\u00edderes en la fabricaci\u00f3n de tambores met\u00e1licos de 55 y 60 galones en el Ecuador.<\/p>\n<p>A partir del mes de enero del 2020 estamos certificados con la Norma Internacional de Calidad ISO 9001- 2015.<\/p>\n<p><strong>FILARET\u00a0 <\/strong>decidide implantar un Sistema de Gesti\u00f3n de la Calidad basado en la norma ISO 9001 para mejorar el servicio que brinda a sus clientes.<\/p>\n<p>La Direcci\u00f3n de <strong>FILARET<\/strong> enfoca el Sistema de la Calidad como una manera de organizar el funcionamiento de la empresa partiendo de unos pilares b\u00e1sicos como son la calidad de sus productos, la satisfacci\u00f3n del cliente y la mejora continua de la eficacia del Sistema.<\/p>\n<p>&nbsp;<\/p>\n<p><iframe loading=\"lazy\" src=\"https:\/\/player.vimeo.com\/video\/445553392\" width=\"550\" height=\"305\" frameborder=\"0\" allowfullscreen=\"allowfullscreen\"><span data-mce-type=\"bookmark\" class=\"mce_SELRES_start\">\ufeff<\/span><\/iframe><\/p>\n","protected":false},"excerpt":{"rendered":"<p>FILARET una empresa ecuatoriana fundada en 1990, que inicia sus operaciones en 1992, creada para la provisi\u00f3n de tambores met\u00e1licos de 55 y 60 galones destinados principalmente a la agroindustria, as\u00ed como<a class=\"moretag\" href=\"https:\/\/filaret.ec\/index.php\/nosotros\/\">Leer m\u00e1s&#8230;<\/a><\/p>\n","protected":false},"author":1,"featured_media":0,"parent":0,"menu_order":0,"comment_status":"closed","ping_status":"closed","template":"","meta":{"footnotes":""},"class_list":["post-17","page","type-page","status-publish","hentry"],"_links":{"self":[{"href":"https:\/\/filaret.ec\/index.php\/wp-json\/wp\/v2\/pages\/17","targetHints":{"allow":["GET"]}}],"collection":[{"href":"https:\/\/filaret.ec\/index.php\/wp-json\/wp\/v2\/pages"}],"about":[{"href":"https:\/\/filaret.ec\/index.php\/wp-json\/wp\/v2\/types\/page"}],"author":[{"embeddable":true,"href":"https:\/\/filaret.ec\/index.php\/wp-json\/wp\/v2\/users\/1"}],"replies":[{"embeddable":true,"href":"https:\/\/filaret.ec\/index.php\/wp-json\/wp\/v2\/comments?post=17"}],"version-history":[{"count":46,"href":"https:\/\/filaret.ec\/index.php\/wp-json\/wp\/v2\/pages\/17\/revisions"}],"predecessor-version":[{"id":637,"href":"https:\/\/filaret.ec\/index.php\/wp-json\/wp\/v2\/pages\/17\/revisions\/637"}],"wp:attachment":[{"href":"https:\/\/filaret.ec\/index.php\/wp-json\/wp\/v2\/media?parent=17"}],"curies":[{"name":"wp","href":"https:\/\/api.w.org\/{rel}","templated":true}]}}