{"id":21,"date":"2020-08-02T23:35:55","date_gmt":"2020-08-02T23:35:55","guid":{"rendered":"http:\/\/filaret.ec\/?page_id=21"},"modified":"2020-08-24T20:27:59","modified_gmt":"2020-08-24T20:27:59","slug":"productos","status":"publish","type":"page","link":"https:\/\/filaret.ec\/index.php\/productos\/","title":{"rendered":"Productos"},"content":{"rendered":"<p style=\"text-align: justify;\"><span class=\"tlid-translation translation\" lang=\"es\">FILARET cuenta con la capacidad requerida para atender las necesidades del mercado. Nuestros tambores met\u00e1licos est\u00e1n fabricados con materiales de primera calidad.<\/span><\/p>\n<hr \/>\n<div class=\"csRow\">\n<div class=\"csColumnGap\" style=\"margin: 0px; padding: 0px; float: left; width: 1.56%;\"><img decoding=\"async\" style=\"border: none;\" src=\"http:\/\/filaret.ec\/wp-content\/plugins\/advanced-wp-columns\/assets\/js\/plugins\/views\/img\/1x1-pixel.png\" \/><\/div>\n<div class=\"csColumn\" style=\"margin: 0px; padding: 0px; float: left; width: 31.3%;\" data-csstartpoint=\"15\" data-csendpoint=\"315\" data-cswidth=\"31.3%\" data-csid=\"1ad63400-18c8-7c54-a5ef-1483be19feff\">\n<p><a href=\"http:\/\/filaret.ec\/index.php\/tambor-metalico-cilindrico-abierto\/\"><img loading=\"lazy\" decoding=\"async\" class=\"aligncenter wp-image-374 size-full\" src=\"http:\/\/filaret.ec\/wp-content\/uploads\/2020\/08\/rojo_abierto.png\" alt=\"\" width=\"783\" height=\"1200\" srcset=\"https:\/\/filaret.ec\/wp-content\/uploads\/2020\/08\/rojo_abierto.png 783w, https:\/\/filaret.ec\/wp-content\/uploads\/2020\/08\/rojo_abierto-196x300.png 196w, https:\/\/filaret.ec\/wp-content\/uploads\/2020\/08\/rojo_abierto-668x1024.png 668w, https:\/\/filaret.ec\/wp-content\/uploads\/2020\/08\/rojo_abierto-768x1177.png 768w\" sizes=\"auto, (max-width: 783px) 100vw, 783px\" \/><\/a><\/p>\n<h4 style=\"text-align: center;\"><strong>TAMBOR MET\u00c1LICO<br \/>\nCILINDRICO ABIERTO<br \/>\n<\/strong><\/h4>\n<p style=\"text-align: center;\">Jugos, concentrados o pur\u00e9 de frutas, grasas,<br \/>\nlubricantes, productos qu\u00edmicos, entre otros.<br \/>\n<strong><span lang=\"ES-EC\"><a href=\"http:\/\/filaret.ec\/index.php\/tambor-metalico-cilindrico-abierto\/\"><em>VER M\u00c1S &gt;&gt;<\/em><\/a><\/span><\/strong><\/p>\n<\/div>\n<div class=\"csColumnGap\" style=\"margin: 0px; padding: 0px; float: left; width: 1.56%;\"><img decoding=\"async\" style=\"border: none;\" src=\"http:\/\/filaret.ec\/wp-content\/plugins\/advanced-wp-columns\/assets\/js\/plugins\/views\/img\/1x1-pixel.png\" \/><\/div>\n<div class=\"csColumn\" style=\"margin: 0px; padding: 0px; float: left; width: 31.3%;\" data-csstartpoint=\"330\" data-csendpoint=\"630\" data-cswidth=\"31.3%\" data-csid=\"e209a92a-54ba-8872-996c-81a8cec6dfab\">\n<p><a href=\"http:\/\/filaret.ec\/index.php\/tambor-metalico-conico\/\"><img loading=\"lazy\" decoding=\"async\" class=\"aligncenter wp-image-388 size-full\" src=\"http:\/\/filaret.ec\/wp-content\/uploads\/2020\/08\/amarillo_conicof.png\" alt=\"\" width=\"783\" height=\"1200\" srcset=\"https:\/\/filaret.ec\/wp-content\/uploads\/2020\/08\/amarillo_conicof.png 783w, https:\/\/filaret.ec\/wp-content\/uploads\/2020\/08\/amarillo_conicof-196x300.png 196w, https:\/\/filaret.ec\/wp-content\/uploads\/2020\/08\/amarillo_conicof-668x1024.png 668w, https:\/\/filaret.ec\/wp-content\/uploads\/2020\/08\/amarillo_conicof-768x1177.png 768w\" sizes=\"auto, (max-width: 783px) 100vw, 783px\" \/><\/a><\/p>\n<h4 style=\"text-align: center;\"><strong>TAMBOR MET\u00c1LICO<br \/>\nC\u00d3NICO<br \/>\n<\/strong><\/h4>\n<p style=\"text-align: center;\">Pasta de tomate, pur\u00e9 de banano, pur\u00e9 y pulpa<br \/>\nde frutas, productos as\u00e9pticos, entre otros.<br \/>\n<strong><span lang=\"ES-EC\"><a href=\"http:\/\/filaret.ec\/index.php\/tambor-metalico-conico\/\"><em>VER M\u00c1S &gt;&gt;<\/em><\/a><\/span><\/strong><\/p>\n<\/div>\n<div class=\"csColumnGap\" style=\"margin: 0px; padding: 0px; float: left; width: 1.56%;\"><img decoding=\"async\" style=\"border: none;\" src=\"http:\/\/filaret.ec\/wp-content\/plugins\/advanced-wp-columns\/assets\/js\/plugins\/views\/img\/1x1-pixel.png\" \/><\/div>\n<div class=\"csColumn\" style=\"margin: 0px; padding: 0px; float: left; width: 31.3%;\" data-csstartpoint=\"645\" data-csendpoint=\"945\" data-cswidth=\"31.3%\" data-csid=\"d03e6340-3ab3-b738-a23f-b16a8f557aec\">\n<p><a href=\"http:\/\/filaret.ec\/index.php\/tambor-metalico-cilindrico-sellado\/\"><img loading=\"lazy\" decoding=\"async\" class=\"aligncenter wp-image-376 size-full\" src=\"http:\/\/filaret.ec\/wp-content\/uploads\/2020\/08\/azul_sellado.png\" alt=\"\" width=\"783\" height=\"1200\" srcset=\"https:\/\/filaret.ec\/wp-content\/uploads\/2020\/08\/azul_sellado.png 783w, https:\/\/filaret.ec\/wp-content\/uploads\/2020\/08\/azul_sellado-196x300.png 196w, https:\/\/filaret.ec\/wp-content\/uploads\/2020\/08\/azul_sellado-668x1024.png 668w, https:\/\/filaret.ec\/wp-content\/uploads\/2020\/08\/azul_sellado-768x1177.png 768w\" sizes=\"auto, (max-width: 783px) 100vw, 783px\" \/><\/a><\/p>\n<h4 style=\"text-align: center;\"><strong>TAMBOR MET\u00c1LICO<br \/>\nCILINDRICO SELLADO<br \/>\n<\/strong><\/h4>\n<p style=\"text-align: center;\">Grasas, aceites lubricantes, productos qu\u00edmicos,<br \/>\npinturas, diluyentes, solventes entre otros.<br \/>\n<strong><span lang=\"ES-EC\"><em><a href=\"http:\/\/filaret.ec\/index.php\/tambor-metalico-cilindrico-sellado\/\">VER M\u00c1S &gt;&gt;<\/a><\/em><\/span><\/strong><\/p>\n<\/div>\n<\/div>\n<div class=\"csRow\"><\/div>\n","protected":false},"excerpt":{"rendered":"<p>FILARET cuenta con la capacidad requerida para atender las necesidades del mercado. Nuestros tambores met\u00e1licos est\u00e1n fabricados con materiales de primera calidad. TAMBOR MET\u00c1LICO CILINDRICO ABIERTO Jugos, concentrados o pur\u00e9 de frutas,<a class=\"moretag\" href=\"https:\/\/filaret.ec\/index.php\/productos\/\">Leer m\u00e1s&#8230;<\/a><\/p>\n","protected":false},"author":1,"featured_media":0,"parent":0,"menu_order":0,"comment_status":"closed","ping_status":"closed","template":"","meta":{"footnotes":""},"class_list":["post-21","page","type-page","status-publish","hentry"],"_links":{"self":[{"href":"https:\/\/filaret.ec\/index.php\/wp-json\/wp\/v2\/pages\/21","targetHints":{"allow":["GET"]}}],"collection":[{"href":"https:\/\/filaret.ec\/index.php\/wp-json\/wp\/v2\/pages"}],"about":[{"href":"https:\/\/filaret.ec\/index.php\/wp-json\/wp\/v2\/types\/page"}],"author":[{"embeddable":true,"href":"https:\/\/filaret.ec\/index.php\/wp-json\/wp\/v2\/users\/1"}],"replies":[{"embeddable":true,"href":"https:\/\/filaret.ec\/index.php\/wp-json\/wp\/v2\/comments?post=21"}],"version-history":[{"count":32,"href":"https:\/\/filaret.ec\/index.php\/wp-json\/wp\/v2\/pages\/21\/revisions"}],"predecessor-version":[{"id":466,"href":"https:\/\/filaret.ec\/index.php\/wp-json\/wp\/v2\/pages\/21\/revisions\/466"}],"wp:attachment":[{"href":"https:\/\/filaret.ec\/index.php\/wp-json\/wp\/v2\/media?parent=21"}],"curies":[{"name":"wp","href":"https:\/\/api.w.org\/{rel}","templated":true}]}}