{"id":62,"date":"2020-08-03T18:19:24","date_gmt":"2020-08-03T18:19:24","guid":{"rendered":"http:\/\/filaret.ec\/?page_id=62"},"modified":"2022-07-12T17:30:11","modified_gmt":"2022-07-12T17:30:11","slug":"politicas-de-calidad","status":"publish","type":"page","link":"https:\/\/filaret.ec\/index.php\/politicas-de-calidad\/","title":{"rendered":"Pol\u00edtica de Calidad"},"content":{"rendered":"<p><strong>FILARET<\/strong> es una empresa ecuatoriana dedicada desde 1992 a la provisi\u00f3n de tambores met\u00e1licos de 55 y 60 galones abiertos y cerrados, para uso en el sector agroindustrial, aceites, lubricantes y productos qu\u00edmicos.<\/p>\n<p>Estamos comprometidos a cumplir con los requisitos legales y reglamentarios aplicables, orientados a una mejora continua en el desempe\u00f1o de los procesos del sistema de gesti\u00f3n de la calidad con la colaboraci\u00f3n y participaci\u00f3n de nuestro personal.<\/p>\n<p>Nos comprometemos a:<\/p>\n<ol>\n<li>Satisfacer las necesidades y expectativas de nuestros clientes.<\/li>\n<li>Mejorar continuamente el desempe\u00f1o de los procesos del sistema de gesti\u00f3n de la calidad.<\/li>\n<li>Fortalecer y evaluar las competencias del personal.<\/li>\n<\/ol>\n<p>&nbsp;<\/p>\n<p>&nbsp;<\/p>\n<p>Rev 2. Dur\u00e1n, 25 de abril del 2022<\/p>\n","protected":false},"excerpt":{"rendered":"<p>FILARET es una empresa ecuatoriana dedicada desde 1992 a la provisi\u00f3n de tambores met\u00e1licos de 55 y 60 galones abiertos y cerrados, para uso en el sector agroindustrial, aceites, lubricantes y productos<a class=\"moretag\" href=\"https:\/\/filaret.ec\/index.php\/politicas-de-calidad\/\">Leer m\u00e1s&#8230;<\/a><\/p>\n","protected":false},"author":1,"featured_media":0,"parent":0,"menu_order":0,"comment_status":"closed","ping_status":"closed","template":"","meta":{"footnotes":""},"class_list":["post-62","page","type-page","status-publish","hentry"],"_links":{"self":[{"href":"https:\/\/filaret.ec\/index.php\/wp-json\/wp\/v2\/pages\/62","targetHints":{"allow":["GET"]}}],"collection":[{"href":"https:\/\/filaret.ec\/index.php\/wp-json\/wp\/v2\/pages"}],"about":[{"href":"https:\/\/filaret.ec\/index.php\/wp-json\/wp\/v2\/types\/page"}],"author":[{"embeddable":true,"href":"https:\/\/filaret.ec\/index.php\/wp-json\/wp\/v2\/users\/1"}],"replies":[{"embeddable":true,"href":"https:\/\/filaret.ec\/index.php\/wp-json\/wp\/v2\/comments?post=62"}],"version-history":[{"count":11,"href":"https:\/\/filaret.ec\/index.php\/wp-json\/wp\/v2\/pages\/62\/revisions"}],"predecessor-version":[{"id":644,"href":"https:\/\/filaret.ec\/index.php\/wp-json\/wp\/v2\/pages\/62\/revisions\/644"}],"wp:attachment":[{"href":"https:\/\/filaret.ec\/index.php\/wp-json\/wp\/v2\/media?parent=62"}],"curies":[{"name":"wp","href":"https:\/\/api.w.org\/{rel}","templated":true}]}}